ue
Is 8369 prime?
True
Is 24593 composite?
False
Is 1497 prime?
False
Is 4111 prime?
True
Is 8803 prime?
True
Is 6415 a prime number?
False
Is 5311 a composite number?
True
Is 8999 a prime number?
True
Is 2621023 prime?
True
Is 2631 composite?
True
Is 995167 a composite number?
False
Is 82757 a composite number?
False
Is 6049 composite?
True
Is 323923 prime?
True
Is 6319 composite?
True
Is 5779 prime?
True
Is 634 prime?
False
Is 22843 composite?
True
Is 17233 a prime number?
False
Is 12479 a composite number?
False
Is 44839 a composite number?
False
Is 2719 composite?
False
Is 112741 prime?
True
Is 93437 prime?
False
Is 15053 prime?
True
Is 31549 a composite number?
True
Is 177689 a composite number?
True
Is 2237 a prime number?
True
Is 16273 a composite number?
False
Is 27143 a prime number?
True
Is 13763 composite?
False
Is 91541 prime?
True
Is 521291 a composite number?
True
Is 4813 a prime number?
True
Is 262711 a prime number?
False
Is 35671 prime?
True
Is 5413 composite?
False
Is 12227 a prime number?
True
Is 10369 composite?
False
Is 2735081 a composite number?
False
Is 53779 prime?
False
Is 106043 a prime number?
False
Is 32887 composite?
False
Is 15997 a composite number?
True
Is 18341 a prime number?
True
Is 26769 composite?
True
Is 1149209 a prime number?
True
Is 4511 a composite number?
True
Is 539219 a composite number?
False
Is 23803 a prime number?
False
Is 404059 a prime number?
False
Is 1973 composite?
False
Is 1361 a prime number?
True
Is 14621 a composite number?
False
Is 8311 a prime number?
True
Is 478567 prime?
False
Is 38023 prime?
False
Is 28961 a composite number?
False
Is 22709 a prime number?
True
Is 387473 a composite number?
True
Is 7151 prime?
True
Is 2333 composite?
False
Is 277 a composite number?
False
Is 3521 composite?
True
Is 1673 a prime number?
False
Is 5077 composite?
False
Is 329879 a prime number?
False
Is 152869 composite?
True
Is 54869 a prime number?
True
Is 123263 a composite number?
True
Is 31303 composite?
True
Is 1376407 a prime number?
True
Is 2953 prime?
True
Is 501979 prime?
False
Is 49031 composite?
False
Is 12869 composite?
True
Is 65339 a prime number?
False
Is 197459 a prime number?
False
Is 26449 composite?
False
Is 36829 composite?
True
Is 3007 composite?
True
Is 211997 a composite number?
False
Is 40738 a prime number?
False
Is 1661587 prime?
True
Is 1811 prime?
True
Is 78053 composite?
True
Is 1089611 a composite number?
False
Is 3251 composite?
False
Is 20303 a prime number?
False
Is 14983 prime?
True
Is 28151 a prime number?
True
Is 30143 prime?
False
Is 4127 a composite number?
False
Is 26193 prime?
False
Is 7279 prime?
False
Is 471241 a prime number?
True
Is 27271 a composite number?
False
Is 941893 a prime number?
False
Is 822067 a prime number?
True
Is 1138 prime?
False
Is 48017 prime?
True
Is 179143 a composite number?
False
Is 69679 prime?
False
Is 16673 a composite number?
False
Is 7131 a composite number?
True
Is 38195 a composite number?
True
Is 206969 prime?
False
Is 3500859 composite?
True
Is 200461 a composite number?
False
Is 9521 prime?
True
Is 2638 composite?
True
Is 22177 a composite number?
True
Is 11797 composite?
True
Is 26087 prime?
False
Is 14647 a composite number?
True
Is 3041 prime?
True
Is 33541 composite?
True
Is 4327 composite?
False
Is 2459 prime?
True
Is 32003 composite?
False
Is 1484302 prime?
False
Is 6059 a composite number?
True
Is 652849 prime?
True
Is 3213473 a composite number?
False
Is 606643 a prime number?
True
Is 367427 a composite number?
False
Is 212911 prime?
False
Is 55 prime?
False
Is 6158 a composite number?
True
Is 4853 a composite number?
True
Is 114371 composite?
False
Is 6521 prime?
True
Is 54947 prime?
False
Is 74809 a prime number?
False
Is 5273 a composite number?
False
Is 266927 a prime number?
True
Is 46219 composite?
False
Is 272651 prime?
True
Is 346153 a composite number?
True
Is 9977 composite?
True
Is 15479 prime?
False
Is 11203 a composite number?
True
Is 528293 composite?
True
Is 5707 composite?
True
Is 23093 prime?
False
Is 32297 composite?
False
Is 72551 a composite number?
False
Is 38641 a prime number?
False
Is 9101 a prime number?
False
Is 419687 a prime number?
True
Is 3453 prime?
False
Is 7586 a prime number?
False
Is 17813 prime?
False
Is 171179 prime?
True
Is 1702319 a prime number?
True
Is 179563 a prime number?
True
Is 40423 prime?
True
Is 785033 prime?
True
Is 11279 a composite number?
False
Is 13085 a composite number?
True
Is 319511 a prime number?
True
Is 478563 a composite number?
True
Is 189199 a prime number?
True
Is 21743 a prime number?
False
Is 17513 a prime number?
False
Is 99367 a prime number?
True
Is 481109 a prime number?
True
Is 263 a composite number?
False
Is 14689 a composite number?
True
Is 5833 a composite number?
True
Is 76181 prime?
False
Is 326521 a prime number?
False
Is 1973 prime?
True
Is 12929 composite?
True
Is 128309 prime?
False
Is 9587 a prime number?
True
Is 25133 a prime number?
False
Is 5039 prime?
True
Is 271555 composite?
True
Is 301361 a composite number?
False
Is 3719 composite?
False
Is 25247 a prime number?
True
Is 46889 composite?
False
Is 2749 a composite number?
False
Is 112619 composite?
True
Is 97837 prime?
False
Is 3259 a composite number?
False
Is 1943 prime?
False
Is 130993 prime?
False
Is 16183 a prime number?
True
Is 1823 a prime number?
True
Is 238331 prime?
True
Is 16787 a composite number?
False
Is 180326 a prime number?
False
Is 111803 a prime number?
False
Is 5613713 prime?
False
Is 502591 a composite number?
False
Is 298559 prime?
True
Is 118639 a prime number?
False
Is 154229 composite?
False
Is 130937 a composite number?
True
Is 2741 a prime number?
True
Is 43469 a composite number?
True
Is 43661 a composite number?
False
Is 141301 a prime number?
True
Is 699463 a prime number?
True
Is 652117 prime?
True
Is 268003 prime?
True
Is 72161 composite?
False
Is 40361 prime?
True
Is 32173 a composite number?
False
Is 40423 prime?
True
Is 5366 composite?
True
Is 3898 a composite number?
True
Is 2053 a prime number?
True
Is 82913 a prime number?
True
Is 51749 a prime number?
True
Is 2649183 a composite number?
True
Is 15517 prime?
False
Is 5557 a composite number?
False
Is 89315 prime?
False
Is 12527 a prime number?
True
Is 197839 a composite number?
True
Is 838363 prime?
True
Is 54039 a prime number?
False
Is 3671 a composite number?
False
Is 2122 composite?
True
Is 9120377 composite?
True
Is 13229 composite?
False
Is 36943 prime?
True
Is 58 a prime number?
False
Is 1299 a composite number?
True
Is 57329 a composite number?
False
Is 173869 prime?
False
Is 29287 prime?
True
Is 19529 composite?
True
Is 191 composite?
False
Is 1318229 a composite number?
True
Is 67901 a prime number?
True
Is 9601 prime?
True
Is 384719 prime?
True
Is 10411 a prime number?
False
Is 377197 composite?
False
Is 13829 a composite number?
False
Is 11519 composite?
False
Is 68371 a composite number?
False
Is 140255 a composite number?
True
Is 2859817 composite?
True
Is 56365 a prime number?
False
Is 6197 prime?
True
Is 21377 a prime number?
True
Is 579701 a prime number?
True
Is 378317 a composite number?
False
Is 34915 a composite number?
True
Is 293023 composite?
True
Is 2138857 prime?
False
Is 90113 composite?
True
Is 6421 composite?
False
Is 465707 prime?
False
Is 2777 a prime number?
True
Is 14281 a prime number?
True
Is 1151 a composite number?
False
Is 754942 a prime number?
False
Is 59 a prime number?
True
Is 1937 prime?
False
Is 441713 prime?
True
Is 185209 prime?
False
Is 6023 a composite number?
True
Is 1600567 a composite number?
True
Is 165367 composite?
False
Is 11359 a composite number?
True
Is 14821 prime?
True
Is 20569 a prime number?
False
Is 71727 a prime number?
False
Is 897569 a prime number?
False
Is 11311 prime?
True
Is 42557 prime?
True
Is 1589 a composite number?
True
Is 26066 a composite number?
True
Is 187297 a prime number?
False
Is 339631 prime?
True
Is 2503 composite?
False
Is 70289 composite?
False
Is 4535 composite?
True
Is 5557 a prime number?
True
Is 179071 a composite number?
True
Is 40637 a composite number?
False
Is 6893 a composite number?
True
Is 6053 composite?
False
Is 54163 a composite number?
False
Is 641 a prime number?
True
Is 4911 a composi